False
Is 433707 a multiple of 2?
False
Is 18004 a multiple of 21?
False
Is 358 a factor of 22324164?
True
Is 118 a factor of 130124?
False
Is 19 a factor of 115083?
True
Is 2352924 a multiple of 42?
True
Is 11 a factor of 857530?
False
Is 27 a factor of 78678?
True
Is 2944296 a multiple of 1161?
True
Does 7 divide 27427?
False
Is 718 a factor of 219663?
False
Is 4042275 a multiple of 13?
False
Is 18535 a multiple of 5?
True
Does 820 divide 1381406?
False
Is 2338929 a multiple of 71?
False
Does 30 divide 80899?
False
Is 6 a factor of 111190?
False
Does 296 divide 196248?
True
Is 112 a factor of 182112?
True
Is 1298943 a multiple of 18?
False
Is 48 a factor of 152208?
True
Does 816 divide 1341504?
True
Does 63 divide 190063?
False
Is 242 a factor of 8335206?
True
Is 38 a factor of 3705468?
False
Is 65 a factor of 2915837?
False
Does 23 divide 98073?
False
Does 12 divide 72766?
False
Is 839412 a multiple of 12?
True
Is 377104 a multiple of 728?
True
Is 56 a factor of 881888?
True
Is 151 a factor of 1185954?
True
Is 6141693 a multiple of 1007?
True
Does 890 divide 987392?
False
Is 40 a factor of 763961?
False
Is 179 a factor of 215773?
False
Does 132 divide 10934201?
False
Is 5300 a multiple of 10?
True
Is 210737 a multiple of 7?
False
Is 389 a factor of 15425?
False
Is 23 a factor of 1200751?
False
Is 906 a factor of 805434?
True
Does 17 divide 627300?
True
Does 129 divide 61910?
False
Is 88 a factor of 156200?
True
Is 3571573 a multiple of 138?
False
Is 92 a factor of 206658?
False
Does 11 divide 259825?
False
Does 10 divide 499763?
False
Does 1419 divide 1185377?
False
Is 22178 a multiple of 13?
True
Is 9 a factor of 992018?
False
Is 55 a factor of 219452?
False
Is 106 a factor of 201824?
True
Is 234578 a multiple of 53?
True
Is 5460117 a multiple of 1162?
False
Does 198 divide 169446?
False
Is 444360 a multiple of 161?
True
Does 4 divide 1086052?
True
Is 21 a factor of 230202?
True
Does 49 divide 691350?
False
Is 777 a factor of 1859941?
False
Is 79136 a multiple of 8?
True
Is 287976 a multiple of 338?
True
Does 56 divide 4946592?
True
Does 24 divide 52872?
True
Is 126 a factor of 164613?
False
Does 50 divide 138350?
True
Is 32 a factor of 74202?
False
Is 64416 a multiple of 6?
True
Does 18 divide 2847312?
True
Does 204 divide 1023672?
True
Is 1576134 a multiple of 98?
True
Is 233105 a multiple of 115?
True
Does 15 divide 1314870?
True
Does 83 divide 437991?
True
Does 3 divide 3402?
True
Is 2966 a multiple of 3?
False
Is 1925130 a multiple of 23?
False
Is 85511 a multiple of 233?
True
Is 1157328 a multiple of 564?
True
Is 162 a factor of 2946889?
False
Is 9 a factor of 373810?
False
Is 43 a factor of 3767445?
True
Is 11083314 a multiple of 614?
True
Does 298 divide 204130?
True
Does 75 divide 143471?
False
Is 2560 a multiple of 15?
False
Does 205 divide 4331163?
False
Is 182 a factor of 175448?
True
Is 13 a factor of 155137?
False
Is 75229 a multiple of 16?
False
Is 1356478 a multiple of 56?
False
Does 76 divide 21128?
True
Is 4 a factor of 2840?
True
Does 44 divide 6425551?
False
Is 1162 a factor of 7541380?
True
Is 760 a factor of 2863758?
False
Is 3031 even?
False
Does 888 divide 1153160?
False
Is 532179 a multiple of 65?
False
Is 220260 a multiple of 30?
True
Is 206142 a multiple of 14?
False
Does 552 divide 4858152?
True
Does 24 divide 161086?
False
Does 80 divide 6230971?
False
Is 2059470 a multiple of 147?
True
Is 2 a factor of 7801?
False
Does 101 divide 75447?
True
Does 51 divide 38709?
True
Is 9 a factor of 41714?
False
Is 85 a factor of 109688?
False
Is 91 a factor of 11488841?
True
Does 38 divide 3965857?
False
Is 16 a factor of 64190?
False
Is 1078230 a multiple of 849?
True
Does 28 divide 155232?
True
Is 19 a factor of 390830?
True
Does 7 divide 312766?
False
Is 28 a factor of 106314?
False
Does 788 divide 1223764?
True
Is 50369 a multiple of 20?
False
Is 68 a factor of 548953?
False
Is 5741688 a multiple of 72?
False
Does 50 divide 30700?
True
Is 394468 a multiple of 167?
False
Is 33720 a multiple of 38?
False
Is 1401140 a multiple of 7?
False
Is 94 a factor of 2104754?
True
Is 13 a factor of 177905?
True
Does 87 divide 10070076?
True
Is 4 a factor of 3462065?
False
Does 16 divide 96987?
False
Does 6 divide 62160?
True
Is 19 a factor of 577847?
True
Does 99 divide 6461211?
False
Is 741417 a multiple of 159?
True
Is 1469787 a multiple of 31?
False
Does 41 divide 7244167?
True
Is 7787776 a multiple of 20?
False
Is 33 a factor of 250395?
False
Is 28 a factor of 2234988?
True
Is 275766 a multiple of 354?
True
Is 17 a factor of 38624?
True
Is 323088 a multiple of 16?
True
Does 15 divide 3683385?
True
Does 453 divide 4966239?
True
Does 217 divide 281131?
False
Is 394720 a multiple of 315?
False
Does 517 divide 3576606?
True
Does 506 divide 58190?
True
Is 129372 a multiple of 110?
False
Is 67041 a multiple of 150?
False
Does 9 divide 17164406?
False
Is 177 a factor of 37170?
True
Does 73 divide 7309709?
True
Is 812 a factor of 359683?
False
Is 44 a factor of 395569?
False
Is 88 a factor of 3966600?
True
Is 4597840 a multiple of 65?
True
Is 11638266 a multiple of 197?
False
Does 18 divide 1911834?
True
Does 660 divide 3660085?
False
Is 28540 a multiple of 20?
True
Is 3871641 a multiple of 16?
False
Is 41600 a multiple of 8?
True
Is 156 a factor of 122989?
False
Does 204 divide 41004?
True
Is 9 a factor of 2618100?
True
Is 70 a factor of 49000?
True
Is 56 a factor of 2487352?
True
Is 20 a factor of 35320?
True
Does 121 divide 546735?
False
Is 1638742 a multiple of 11?
False
Is 77 a factor of 1255717?
False
Does 167 divide 742649?
True
Is 10973101 a multiple of 163?
False
Does 56 divide 1522711?
False
Is 2637960 a multiple of 89?
True
Does 16 divide 349242?
False
Does 11 divide 553993?
True
Does 33 divide 140967?
False
Is 13 a factor of 576452?
False
Is 1223128 a multiple of 376?
True
Does 145 divide 3086678?
False
Does 189 divide 566244?
True
Does 9 divide 1101314?
False
Does 443 divide 1312609?
True
Does 79 divide 5858008?
True
Does 816 divide 1096886?
False
Does 19 divide 6775362?
True
Is 51 a factor of 6915702?
True
Is 29 a factor of 20756257?
True
Is 247 a factor of 4023136?
True
Is 6 a factor of 39126?
True
Is 96382 a multiple of 26?
True
Is 114639 a multiple of 6?
False
Is 447 a factor of 581218?
False
Is 154286 a multiple of 256?
False
Does 13 divide 89885?
False
Is 2 a factor of 169685?
False
Does 42 divide 5587894?
False
Is 255 a factor of 2517870?
True
Is 2922798 a multiple of 228?
False
Is 9 a factor of 1326764?
False
Is 178357 a multiple of 71?
False
Does 28 divide 2083004?
True
Is 29 a factor of 2779187?
False
Is 16 a factor of 13455626?
False
Is 1318498 a multiple of 23?
True
Does 54 divide 272916?
True
Does 19 divide 5725232?
True
Is 218052 a multiple of 81?
True
Does 71 divide 216574?
False
Is 552624 a multiple of 348?
True
Is 203 a factor of 6464621?
False
Does 12 divide 186321?
False
Is 105 a factor of 1094018?
False
Does 140 divide 487200?
True
Is 4 a factor of 398150?
False
Is 514410 a multiple of 10?
True
Is 162548 a multiple of 8?
False
Is 472236 a multiple of 80?
False
Does 24 divide 92448?
True
Is 164 a factor of 58382?
False
Does 17 divide 13483023?
True
Does 1207 divide 5610767?
False
Is 287296 a multiple of 4?
True
Is 2475 a multiple of 15?
True
Is 48 a factor of 1018896?
True
Is 4 a factor of 564966?
False
Is 12 a factor of 1892520?
True
Does 29 divide 35032?
True
Is 29 a factor of 5133?
True
Does 15 divide 75492?
False
Is 358124 a multiple of 45?
False
Is 164 a factor of 1081225?
False
Does 716 divide 4163540?
True
Does 29 divide 113956?
False
Is 258757 a multiple of 113?
False
Does 62 divide 50592?
True
Does 79 divide 23937?
True
Does 183 divide 2032215?
True
Is 2301263 a multiple of 821?
True
Is 107971 a multiple of 254?
False
Is 895 a factor of 181498?
False
Is 373 a factor of 3986937?
False
Is 1177021 a multiple of 317?
True
Does 55 divide 40480?
True
Does 63 divide 526554?
True
Does 140 divide 416920?
True
Is 374939 a multiple of 225?
False
Does 33 divide 184648?
False
Is 858 a factor of 164617?
False
Is 899571 a multiple of 3?
True
Is 750 a factor of 1302470?
False
Is 929200 a multiple of 276?
False
Is 2349900 a multiple of 28?
True
Is 9 a factor of 27216?
True
Is 702 a factor of 3175853?
False
Is 